7?
1
What is the thousands digit of 3362?
3
What is the hundreds digit of 99330?
3
What is the units digit of 10556?
6
What is the ten thousands digit of 49654?
4
What is the units digit of 13061?
1
What is the units digit of 209?
9
What is the thousands digit of 1324?
1
What is the ten thousands digit of 92182?
9
What is the thousands digit of 34732?
4
What is the thousands digit of 62320?
2
What is the units digit of 125769?
9
What is the tens digit of 248?
4
What is the tens digit of 525?
2
What is the ten thousands digit of 104035?
0
What is the hundreds digit of 355?
3
What is the hundreds digit of 388?
3
What is the tens digit of 1998?
9
What is the units digit of 63157?
7
What is the ten thousands digit of 36598?
3
What is the thousands digit of 32675?
2
What is the hundreds digit of 1704?
7
What is the tens digit of 630?
3
What is the thousands digit of 6884?
6
What is the units digit of 3782?
2
What is the units digit of 389?
9
What is the hundreds digit of 6995?
9
What is the units digit of 1549?
9
What is the hundreds digit of 9446?
4
What is the thousands digit of 85134?
5
What is the thousands digit of 3437?
3
What is the units digit of 53771?
1
What is the hundreds digit of 48139?
1
What is the thousands digit of 4650?
4
What is the tens digit of 3047?
4
What is the tens digit of 9998?
9
What is the hundreds digit of 7071?
0
What is the ten thousands digit of 30525?
3
What is the tens digit of 4900?
0
What is the units digit of 29166?
6
What is the thousands digit of 14709?
4
What is the hundreds digit of 3038?
0
What is the hundreds digit of 39778?
7
What is the hundreds digit of 16218?
2
What is the units digit of 76002?
2
What is the units digit of 118?
8
What is the tens digit of 6811?
1
What is the tens digit of 492?
9
What is the hundreds digit of 44312?
3
What is the thousands digit of 18680?
8
What is the thousands digit of 57162?
7
What is the units digit of 63?
3
What is the hundreds digit of 2880?
8
What is the tens digit of 26387?
8
What is the tens digit of 26468?
6
What is the tens digit of 2268?
6
What is the tens digit of 768?
6
What is the units digit of 18433?
3
What is the tens digit of 1737?
3
What is the units digit of 404?
4
What is the units digit of 8064?
4
What is the hundreds digit of 645?
6
What is the units digit of 9555?
5
What is the thousands digit of 4452?
4
What is the units digit of 3724?
4
What is the units digit of 7732?
2
What is the units digit of 869?
9
What is the thousands digit of 49771?
9
What is the ten thousands digit of 21755?
2
What is the tens digit of 1028?
2
What is the hundreds digit of 197?
1
What is the units digit of 4960?
0
What is the ten thousands digit of 40955?
4
What is the tens digit of 558?
5
What is the units digit of 9151?
1
What is the tens digit of 4144?
4
What is the tens digit of 8041?
4
What is the tens digit of 17886?
8
What is the thousands digit of 9646?
9
What is the tens digit of 76502?
0
What is the units digit of 4727?
7
What is the units digit of 980?
0
What is the thousands digit of 2017?
2
What is the units digit of 340?
0
What is the hundreds digit of 89213?
2
What is the hundreds digit of 27119?
1
What is the units digit of 2764?
4
What is the units digit of 34296?
6
What is the tens digit of 12074?
7
What is the units digit of 1085?
5
What is the units digit of 728?
8
What is the ten thousands digit of 20077?
2
What is the thousands digit of 3461?
3
What is the thousands digit of 30401?
0
What is the hundreds digit of 7422?
4
What is the units digit of 607?
7
What is the hundreds digit of 10591?
5
What is the hundreds digit of 66713?
7
What is the thousands digit of 1290?
1
What is the hundreds digit of 1871?
8
What is the units digit of 101230?
0
What is the units digit of 2238?
8
What is the tens digit of 70?
7
What is the tens digit of 37487?
8
What is the thousands digit of 5747?
5
What is the thousands digit of 4303?
4
What is the hundreds digit of 258?
2
What is the units digit of 538?
8
What is the thousands digit of 17179?
7
What is the units digit of 686?
6
What is the hundreds digit of 5009?
0
What is the hundreds digit of 763?
7
What is the hundreds digit of 11734?
7
What is the hundreds digit of 1552?
5
What is the hundreds digit of 10923?
9
What is the tens digit of 323?
2
What is the hundreds digit of 5007?
0
What is the units digit of 1027?
7
What is the thousands digit of 13964?
3
What is the thousands digit of 20152?
0
What is the hundreds digit of 785?
7
What is the thousands digit of 83047?
3
What is the hundreds digit of 1646?
6
What is the hundreds digit of 704?
7
What is the hundreds digit of 15938?
9
What is the units digit of 195?
5
What is the thousands digit of 94617?
4
What is the units digit of 251?
1
What is the thousands digit of 73103?
3
What is the hundreds digit of 5445?
4
What is the units digit of 103?
3
What is the hundreds digit of 7406?
4
What is the thousands digit of 24543?
4
What is the tens digit of 615?
1
What is the units digit of 24469?
9
What is the units digit of 393?
3
What is the tens digit of 2973?
7
What is the units digit of 66442?
2
What is the hundreds digit of 1580?
5
What is the units digit of 708?
8
What is the units digit of 2964?
4
What is the hundreds digit of 2619?
6
What is the units digit of 57535?
5
What is the units digit of 129?
9
What is the units digit of 7693?
3
What is the ten thousands digit of 53712?
5
What is the units digit of 946?
6
What is the tens digit of 661?
6
What is the thousands digit of 5003?
5
What is the tens digit of 8630?
3
What is the tens digit of 46692?
9
What is the thousands digit of 19356?
9
What is the tens digit of 7526?
2
What is the thousands digit of 10608?
0
What is the hundreds digit of 34917?
9
What is the ten thousands digit of 19395?
1
What is the hundreds digit of 76794?
7
What is the ten thousands digit of 23220?
2
What is the tens digit of 175?
7
What is the thousands digit of 9472?
9
What is the hundreds digit of 439?
4
What is the hundreds digit of 791?
7
What is the units digit of 804?
4
What is the hundreds digit of 663?
6
What is the hundreds digit of 7564?
5
What is the ten thousands digit of 128086?
2
What is the thousands digit of 41850?
1
What is the tens digit of 45428?
2
What is the units digit of 9539?
9
What is the tens digit of 8183?
8
What is the units digit of 1185?
5
What is the tens digit of 14528?
2
What is the ten thousands digit of 15135?
1
What is the tens digit of 754?
5
What is the hundreds digit of 14145?
1
What is the hundreds digit of 1704?
7
What is the tens digit of 727?
2
What is the tens digit of 226?
2
What is the hundreds digit of 411?
4
What is the tens digit of 926?
2
What is the hundreds digit of 11580?
5
What is the hundreds digit of 102890?
8
What is the tens digit of 22147?
4
What is the ten thousands digit of 20613?
2
What is the units digit of 1042?
2
What is the units digit of 360?
0
What is the units digit of 27321?
1
What is the thousands digit of 1623?
1
What is the hundreds digit of 20754?
7
What is the tens digit of 7234?
3
What is the units digit of 10269?
9
What is the units digit of 1055?
5
What is the ten thousands digit of 12572?
1
What is the ten thousands digit of 40727?
4
What is the hundreds digit of 201?
2
What is the tens digit of 547?
4
What is the thousands digit of 25386?
5
What is the ten thousands digit of 83768?
8
What is the thousands digit of 14415?
4
What is the ten thousands digit of 87307?
8
What is the tens digit of 76763?
6
What is the tens digit of 38167?
6
What is the hundreds digit of 781?
7
What is the thousands digit of 7822?
7
What is the tens digit of 36729?
2
What is the units digit of 181?
1
What is the hundred thousands digit of 189544?
1
What is the units digit of 18683?
3
What is the tens digit of 24359?
5
What is the hundreds digit of 370?
3
What is the thousands digit of 10711?
0
What is the units digit of 2569?
9
What is the hundreds digit of 806?
8
What is the thousands digit of 2285?
2
What is the thousands digit of 106577?
6
What is the tens digit of 958?
5
What is the units digit of 869?
9
What is the thousands digit of 27862?
7
What is the thousands digit of 1502?
1
What is the hundreds digit of 20452?
4
What is the hundreds digit of 554?
5
What is t